In base 2, what is -11111111101 + -101?
-100000000010
In base 3, what is 21 - 1002?
-211
In base 10, what is 2018 - 10?
2008
In base 5, what is -122 + 3?
-114
In base 7, what is -34 - 106?
-143
In base 11, what is 140 - -6?
146
In base 12, what is -414 - 1?
-415
In base 4, what is -10 - 11?
-21
In base 13, what is 228 - 3?
225
In base 12, what is -2 + 472?
470
In base 6, what is 23250 + 12?
23302
In base 2, what is 100 + -11101101?
-11101001
In base 7, what is 63 - -1303?
1366
In base 7, what is -3115 - 5?
-3123
In base 15, what is 75 - -8?
7d
In base 8, what is 0 - 206?
-206
In base 4, what is -3120 - 2?
-3122
In base 16, what is -5 + 10?
b
In base 6, what is 11520 - 0?
11520
In base 16, what is 39b - a?
391
In base 4, what is -110101 - -11?
-110030
In base 4, what is 1 + 2013?
2020
In base 6, what is -3 - 224?
-231
In base 2, what is -10 - -101001?
100111
In base 5, what is -102 + -123?
-230
In base 2, what is 10111110000010 + -1?
10111110000001
In base 8, what is -5 + -63?
-70
In base 10, what is -17 - 574?
-591
In base 6, what is 1231 + -4?
1223
In base 8, what is -11 - -34?
23
In base 10, what is -5547 - -1?
-5546
In base 14, what is -23 - 4?
-27
In base 8, what is 40 - -227?
267
In base 3, what is -10 + 1122011?
1122001
In base 8, what is 0 - 55?
-55
In base 14, what is 210 + -2b?
1c3
In base 13, what is 375 + 4?
379
In base 9, what is 3 + -1277?
-1274
In base 16, what is -1 - 56?
-57
In base 11, what is -10 + -6?
-16
In base 12, what is -133 - -20?
-113
In base 9, what is -5 - 84?
-100
In base 10, what is -2 + 1?
-1
In base 2, what is 101 - 111011010?
-111010101
In base 3, what is 112 + 11?
200
In base 3, what is -10 + -2212?
-2222
In base 2, what is -11 + -1011001011?
-1011001110
In base 16, what is -ff3 - 6?
-ff9
In base 15, what is 3 - -45?
48
In base 4, what is -1000 + -10?
-1010
In base 15, what is 1 - -46?
47
In base 11, what is 26 + 116?
141
In base 8, what is 53 + -136?
-63
In base 14, what is -720 - -1?
-71d
In base 4, what is 2001 - -3?
2010
In base 11, what is -a + 40?
31
In base 12, what is 5 - -379?
382
In base 2, what is -1100110 - -100?
-1100010
In base 14, what is 126 + -b?
119
In base 10, what is -10 - 59?
-69
In base 5, what is 2 - 14313?
-14311
In base 16, what is 59 - -4?
5d
In base 15, what is 92 + 0?
92
In base 7, what is 20 + -10?
10
In base 6, what is 513 - 0?
513
In base 11, what is -7 - -22?
16
In base 12, what is 111 + -6?
107
In base 11, what is 48 - 1a?
29
In base 14, what is 259 + -b?
24c
In base 2, what is 100001010101110 + 101?
100001010110011
In base 8, what is 4 - -110?
114
In base 11, what is -6 - 71?
-77
In base 15, what is 14 - 4?
10
In base 5, what is 23 + -10024?
-10001
In base 6, what is 345 - 3?
342
In base 13, what is -6838 - -2?
-6836
In base 4, what is -3 + -100?
-103
In base 4, what is -2 - -302?
300
In base 10, what is 28 - 477?
-449
In base 9, what is -27 + -1130?
-1157
In base 2, what is 1010110110111 + 11?
1010110111010
In base 3, what is -11212 + 1020?
-10122
In base 8, what is 0 - -37?
37
In base 4, what is -20 + -221?
-301
In base 11, what is 3 + 883?
886
In base 12, what is 3471 + 4?
3475
In base 5, what is -1423 + 3?
-1420
In base 15, what is -d4 + 3?
-d1
In base 11, what is -4647 + 2?
-4645
In base 9, what is 343 - 15?
327
In base 4, what is 1021 - 10?
1011
In base 3, what is 2011 - -20212?
100000
In base 5, what is -2123 + 21?
-2102
In base 10, what is 5770 + -3?
5767
In base 9, what is -52 - 5?
-57
In base 12, what is 8 + -41?
-35
In base 16, what is -d + -111?
-11e
In base 8, what is 24 - -1?
25
In base 15, what is -3e - 133?
-172
In base 14, what is 6 - -148?
150
In base 3, what is -2 + 100102?
100100
In base 15, what is 9 + 11?
1a
In base 5, what is 1 + -2104?
-2103
In base 16, what is -59 + -5?
-5e
In base 12, what is 112 - -5?
117
In base 6, what is -2 + 54?
52
In base 5, what is -1 + 22?
21
In base 15, what is -20 - -cd?
ad
In base 10, what is -36 - 3?
-39
In base 10, what is 5908 - -4?
5912
In base 9, what is 6 + 0?
6
In base 10, what is -676 + 5?
-671
In base 7, what is -4525 + -4?
-4532
In base 10, what is 17 + 0?
17
In base 2, what is -100 + -111?
-1011
In base 16, what is 81 - -d?
8e
In base 9, what is -441 - -2?
-438
In base 6, what is -1210 + 1?
-1205
In base 6, what is -33 + -21?
-54
In base 10, what is 5 - 1?
4
In base 15, what is -4 - 81?
-85
In base 7, what is 14 - -1611?
1625
In base 3, what is -10011 - 1112?
-11200
In base 14, what is -5 + -c1?
-c6
In base 5, what is -331042 + -4?
-331101
In base 10, what is 396 + -52?
344
In base 6, what is -15 + -31?
-50
In base 11, what is -37 + 33?
-4
In base 9, what is 13 - 725?
-712
In base 4, what is 1230 + 3?
1233
In base 5, what is -2 - 24024?
-24031
In base 5, what is -104 - 22?
-131
In base 6, what is -4020 - -1?
-4015
In base 16, what is 4 + -70e?
-70a
In base 2, what is -110011100000 + 0?
-110011100000
In base 15, what is 23 + 2e?
52
In base 14, what is 1611 - 2?
160d
In base 12, what is b3 - 11?
a2
In base 6, what is -1330 + -2?
-1332
In base 12, what is -219 - -1?
-218
In base 15, what is -8 - 69?
-72
In base 6, what is 13 - -12?
25
In base 9, what is -3428 + -4?
-3433
In base 12, what is -4 + -136?
-13a
In base 16, what is -d + 7?
-6
In base 6, what is -33 + 10?
-23
In base 2, what is -11 - 1100011?
-1100110
In base 11, what is 5 + -1403?
-13a9
In base 14, what is -2 - -22a?
228
In base 12, what is 5 - -54?
59
In base 6, what is -144 + -2?
-150
In base 5, what is -43140 - -4?
-43131
In base 16, what is -15 + 1ab?
196
In base 4, what is 3 + 2320?
2323
In base 13, what is 2 - -37?
39
In base 7, what is 2 - 164?
-162
In base 16, what is -1ea - 3?
-1ed
In base 6, what is 42 + -43?
-1
In base 8, what is -3 + 1621?
1616
In base 10, what is 181 + 0?
181
In base 4, what is -33 - -232?
133
In base 7, what is -535 + 25?
-510
In base 9, what is -1 - 17?
-18
In base 10, what is 1283 + -5?
1278
In base 3, what is 10 + -2012200?
-2012120
In base 14, what is -5a7 + -1?
-5a8
In base 15, what is 11cd + -4?
11c9
In base 11, what is -380 + -2?
-382
In base 4, what is -1311 + 30?
-1221
In base 8, what is -4 + -2304?
-2310
In base 3, what is 102 - -112002?
112111
In base 10, what is 4209 - -2?
4211
In base 8, what is -643 + -2?
-645
In base 11, what is -7 - 8?
-14
In base 13, what is 14a3 - -5?
14a8
In base 4, what is -1203 - 12?
-1221
In base 11, what is -3 + -35?
-38
In base 16, what is -13 + -3?
-16
In base 4, what is 133 - 113?
20
In base 10, what is -107 + 148?
41
In base 5, what is -3 - -2011?
2003
In base 10, what is -1 - -250?
249
In base 9, what is 10 - 35?
-25
In base 2, what is 1101110010011 - -11?
1101110010110
In base 12, what is -2 - -2134?
2132
In base 8, what is 1 + -2270?
-2267
In base 4, what is 13103 + 1?
13110
In base 13, what is -522 + 2?
-520
In base 10, what is -3199 + 0?
-3199
In base 16, what is 7c + 1?
7d
In base 16, what is a0e + -c?
a02
In base 12, what is -4 + -10?
-14
In base 11, what is -1 - 804?
-805
In base 14, what is 15 - 13?
2
In base 10, what is 10 - -688?
698
In base 7, what is -5 - -1?
-4
In base 8, what is -7 - 252?
-261
In base 16, what is -1a + 4?
-16
In base 8, what is 2 + 67?
71
In base 4, what is 1 + 2302?
2303
In base 13, what is 7 - -15?
1c
In base 7, what is 1 - 0?
1
In base 16, what is -21 - 87?
-a8
In base 16, what is 50 + 46?
96
In base 15, what is d - -2?
10
In base 14, what is -2d8 + 3?
-2d5
In base 13, what is 188 + -5?
183
In base 11, what is -171 - 4?
-175
In base 4, what is 222332 + -10?
222322
In base 3, what is 12 - -100000210?
100000222
In base 4, what is -10 + -123?
-133
In base 15, what is -362 + -4?
-366
In base 15, what is -8 + 200?
1e7
In base 12, what is 1 - 0?
1
In base 16, what is 1 - -3bc?
3bd
In base 10, what is 441 - 4?
437
In base 11, what is 38 - -241?
279
In base 6, what is 2405 + 34?
2443
In base 10, what is -6 + -665?
-671
In base 4, what is -331332 + -10?
-332002
In base 6, what is -1 + -322?
-323
In base 15, what is 2c - -7?
34
In base 13, what is -2 + -86?
-88
In base 12, what is -3 + 155b?
1558
In base 2, what is 1001 - -11110?
100111
In base 12, what is a + -6?
4
In base 4, what is -13010 + 10?
-13000
In base 6, what is -1 - 1441?
-1442
In base 4, what is 21132 - -10?
21202
In base 8, what is -10 - -33?
23
In base 4, what is -310 - 13333?
-20303
In 